the hundred thousands digit of 58132828?
1
What is the hundreds digit of 278598760?
7
What is the hundreds digit of 1001698682?
6
What is the hundred thousands digit of 46400254?
4
What is the thousands digit of 2795875200?
5
What is the hundreds digit of 122267866?
8
What is the units digit of 10716803?
3
What is the millions digit of 229324690?
9
What is the units digit of 36936942?
2
What is the hundred thousands digit of 29851868?
8
What is the hundred thousands digit of 1847437515?
4
What is the ten millions digit of 5188635327?
8
What is the ten thousands digit of 145461606?
6
What is the units digit of 6732389422?
2
What is the units digit of 105382892?
2
What is the ten thousands digit of 841998361?
9
What is the hundred millions digit of 309136738?
3
What is the thousands digit of 559556801?
6
What is the millions digit of 402638650?
2
What is the tens digit of 470039145?
4
What is the thousands digit of 11216348?
6
What is the tens digit of 787277857?
5
What is the hundreds digit of 104965168?
1
What is the hundred millions digit of 746244553?
7
What is the thousands digit of 173572754?
2
What is the hundreds digit of 1741476701?
7
What is the hundreds digit of 654695807?
8
What is the ten millions digit of 79915978?
7
What is the hundreds digit of 56386579?
5
What is the millions digit of 18709469?
8
What is the tens digit of 159835123?
2
What is the billions digit of 1691635513?
1
What is the thousands digit of 909084480?
4
What is the ten thousands digit of 15902825?
0
What is the hundred thousands digit of 1998621555?
6
What is the hundred millions digit of 4653604830?
6
What is the ten thousands digit of 4136877380?
7
What is the hundred thousands digit of 570567796?
5
What is the thousands digit of 797573862?
3
What is the hundreds digit of 50108197?
1
What is the billions digit of 1055160029?
1
What is the hundred millions digit of 352458734?
3
What is the millions digit of 63287061?
3
What is the hundred thousands digit of 134917764?
9
What is the hundred thousands digit of 3383160635?
1
What is the hundred millions digit of 2330664026?
3
What is the tens digit of 1624679475?
7
What is the ten millions digit of 34859359?
3
What is the ten millions digit of 1362491329?
6
What is the units digit of 379763158?
8
What is the units digit of 8209475?
5
What is the hundreds digit of 26621261?
2
What is the tens digit of 628426889?
8
What is the hundred thousands digit of 2601098?
6
What is the tens digit of 2643774034?
3
What is the units digit of 4682213207?
7
What is the thousands digit of 247168469?
8
What is the hundred thousands digit of 72648784?
6
What is the units digit of 620058060?
0
What is the thousands digit of 46165843?
5
What is the hundred millions digit of 7223936059?
2
What is the units digit of 548265579?
9
What is the ten thousands digit of 16291551?
9
What is the units digit of 36940477?
7
What is the hundred millions digit of 1751661592?
7
What is the ten millions digit of 938662330?
3
What is the thousands digit of 4585455434?
5
What is the hundred thousands digit of 247591001?
5
What is the tens digit of 72932338?
3
What is the thousands digit of 20017921?
7
What is the ten thousands digit of 182126933?
2
What is the hundred thousands digit of 6363088000?
0
What is the thousands digit of 61955366?
5
What is the units digit of 687892652?
2
What is the ten millions digit of 306590741?
0
What is the hundred thousands digit of 413415136?
4
What is the hundred thousands digit of 3585183?
5
What is the ten thousands digit of 135193049?
9
What is the hundreds digit of 212304428?
4
What is the tens digit of 54122215?
1
What is the ten thousands digit of 236131395?
3
What is the hundreds digit of 59306164?
1
What is the millions digit of 45041474?
5
What is the units digit of 391684314?
4
What is the millions digit of 31874587?
1
What is the tens digit of 10440661?
6
What is the ten thousands digit of 183234407?
3
What is the units digit of 7758023233?
3
What is the hundred thousands digit of 2462587335?
5
What is the units digit of 7382548?
8
What is the millions digit of 161840067?
1
What is the millions digit of 421677521?
1
What is the units digit of 83381902?
2
What is the hundred thousands digit of 29349185?
3
What is the hundreds digit of 493722553?
5
What is the units digit of 795596201?
1
What is the ten millions digit of 7644301997?
4
What is the ten thousands digit of 467516742?
1
What is the hundred thousands digit of 110461161?
4
What is the hundred thousands digit of 339324837?
3
What is the hundreds digit of 83024295?
2
What is the hundred thousands digit of 74591838?
5
What is the tens digit of 4795811973?
7
What is the units digit of 331678349?
9
What is the ten thousands digit of 5107268300?
6
What is the hundreds digit of 1221301416?
4
What is the ten thousands digit of 324850197?
5
What is the hundred thousands digit of 4798997553?
9
What is the tens digit of 34344039?
3
What is the millions digit of 370332339?
0
What is the hundred thousands digit of 5546688041?
6
What is the hundred thousands digit of 10066999?
0
What is the hundred millions digit of 3698866420?
6
What is the ten thousands digit of 1165634918?
3
What is the ten thousands digit of 2682130233?
3
What is the hundreds digit of 76989025?
0
What is the billions digit of 9455126182?
9
What is the hundreds digit of 1449760493?
4
What is the tens digit of 160081566?
6
What is the thousands digit of 57659721?
9
What is the ten thousands digit of 90480365?
8
What is the units digit of 234322025?
5
What is the units digit of 266992091?
1
What is the hundred thousands digit of 791358837?
3
What is the thousands digit of 722493421?
3
What is the hundreds digit of 532702768?
7
What is the millions digit of 185573478?
5
What is the millions digit of 1082461947?
2
What is the tens digit of 6529964?
6
What is the hundreds digit of 237458412?
4
What is the hundreds digit of 246188486?
4
What is the ten thousands digit of 1613145046?
4
What is the ten thousands digit of 192848967?
4
What is the hundreds digit of 346812011?
0
What is the units digit of 4335727?
7
What is the ten millions digit of 40775196?
4
What is the thousands digit of 72636693?
6
What is the tens digit of 59077500?
0
What is the thousands digit of 92266983?
6
What is the units digit of 163358303?
3
What is the units digit of 46341312?
2
What is the ten thousands digit of 276421477?
2
What is the ten thousands digit of 659088120?
8
What is the ten thousands digit of 21951359?
5
What is the billions digit of 2246554169?
2
What is the tens digit of 4248895319?
1
What is the hundred thousands digit of 16091090?
0
What is the ten millions digit of 41340815?
4
What is the tens digit of 395294486?
8
What is the units digit of 2297637738?
8
What is the thousands digit of 729269516?
9
What is the ten thousands digit of 19840066?
4
What is the units digit of 135833879?
9
What is the millions digit of 46851340?
6
What is the ten thousands digit of 354252951?
5
What is the units digit of 275292302?
2
What is the millions digit of 3063619937?
3
What is the thousands digit of 275163965?
3
What is the hundred thousands digit of 9395442?
3
What is the hundreds digit of 55708669?
6
What is the hundred thousands digit of 590645022?
6
What is the tens digit of 5053315876?
7
What is the ten millions digit of 54569894?
5
What is the tens digit of 484225480?
8
What is the ten millions digit of 6883581481?
8
What is the ten thousands digit of 3790013886?
1
What is the ten thousands digit of 231055468?
5
What is the hundreds digit of 57056542?
5
What is the hundreds digit of 80529222?
2
What is the units digit of 7878551?
1
What is the tens digit of 187568503?
0
What is the millions digit of 66568952?
6
What is the hundreds digit of 652771191?
1
What is the units digit of 1014352329?
9
What is the ten thousands digit of 28061646?
6
What is the units digit of 2468992302?
2
What is the tens digit of 847663905?
0
What is the tens digit of 2975456664?
6
What is the millions digit of 31240587?
1
What is the tens digit of 455148162?
6
What is the hundred thousands digit of 558953306?
9
What is the ten millions digit of 370182991?
7
What is the units digit of 380186994?
4
What is the hundred thousands dig